{"id":504,"date":"2012-11-06T13:24:57","date_gmt":"2012-11-06T13:24:57","guid":{"rendered":"http:\/\/wikiprint.cat\/web\/?page_id=504"},"modified":"2014-10-31T07:48:53","modified_gmt":"2014-10-31T07:48:53","slug":"politica-de-privacidad","status":"publish","type":"page","link":"https:\/\/wikiprint.cat\/web\/politica-de-privacidad\/","title":{"rendered":"Pol\u00edtica de privacidad"},"content":{"rendered":"<div>\n<div><strong><img loading=\"lazy\" decoding=\"async\" src=\"http:\/\/avisolegalonline.es\/wp-content\/uploads\/2012\/02\/icono-home.png\" alt=\"Responsable del fichero\" width=\"32\" height=\"32\" \/>Responsable del Fichero<\/strong><\/div>\n<div>\n<p>Grafik 170,\u00a0 en adelante WIKIPRINT.CAT, con domicilio\u00a0de\u00a0contacto sito en carrer Roguer de Flor 308 (Barcelona), tel\u00e9fono \u00a093 459 00 04\u00a0y direcci\u00f3n\u00a0de\u00a0email info@wikiprint.cat \u00a0es el responsable\u00a0\u00a0de\u00a0los ficheros en los que se incluir\u00e1n los datos personales recogidos y tratados desde esta p\u00e1gina web.\u00a0 Estos ficheros se encuentran debidamente inscritos en el Registro General\u00a0de\u00a0Protecci\u00f3n\u00a0de\u00a0Datos\u00a0de\u00a0 la Agencia Espa\u00f1ola\u00a0de\u00a0Protecci\u00f3n\u00a0de\u00a0Datos.<\/p>\n<\/div>\n<\/div>\n<div>\n<div><img loading=\"lazy\" decoding=\"async\" src=\"http:\/\/avisolegalonline.es\/wp-content\/uploads\/2012\/02\/Datos-Recogidos.png\" alt=\"Recogida de Datos\" width=\"32\" height=\"32\" \/><strong>Recogida\u00a0de\u00a0Datos<\/strong><\/div>\n<div>\n<p>WIKIPRINT.CAT \u00a0\u00fanicamente recoge los datos\u00a0de\u00a0car\u00e1cter personal que nos proporcione a trav\u00e9s\u00a0de\u00a0los formularios incluidos en la p\u00e1gina web y nuestras las direcciones\u00a0de\u00a0correo electr\u00f3nico.<\/p>\n<\/div>\n<\/div>\n<div>\n<div><img loading=\"lazy\" decoding=\"async\" src=\"http:\/\/avisolegalonline.es\/wp-content\/uploads\/2012\/02\/Usos-y-finalidades.png\" alt=\"Usos y Finalidades de los Datos Recogidos\" width=\"32\" height=\"32\" \/><strong>Usos y Finalidades\u00a0de\u00a0los Datos Recogidos<\/strong><\/div>\n<div>\n<p>En www.wikiprint.cat \u00a0se\u00a0 recogen los datos\u00a0de\u00a0car\u00e1cter personal con las finalidades\u00a0 que se detallan a continuaci\u00f3n, si no est\u00e1 conforme con alguna de\u00a0ellas puede comunicarlo a la direcci\u00f3n\u00a0de\u00a0email\u00a0<a href=\"mailto:camisasrushmore@gmail.com\" target=\"_blank\">i<\/a>nfo@wikiprint.cat.\u00a0<strong>Los usos y finalidades previstos son<\/strong>:<\/p>\n<\/div>\n<\/div>\n<div>\n<div><img loading=\"lazy\" decoding=\"async\" src=\"http:\/\/avisolegalonline.es\/wp-content\/uploads\/2012\/02\/envio-info2.png\" alt=\"Env\u00edo de Informaci\u00f3n\" width=\"32\" height=\"32\" \/><strong>Env\u00edo\u00a0de\u00a0Informaci\u00f3n<\/strong><\/div>\n<div>\n<p><a href=\"http:\/\/rushmoreshirts.com\/\" target=\"_blank\">W<\/a>ikiprint.cat\u00a0\u00a0emplear\u00e1 los datos personales que nos proporcione con la finalidad\u00a0de\u00a0responder a las solicitudes\u00a0de\u00a0informaci\u00f3n que nos env\u00ede.\u00a0 La informaci\u00f3n introducida en los formularios o correos electr\u00f3nicos\u00a0de\u00a0contacto se emplear\u00e1 adem\u00e1s, para enviarle informaci\u00f3n\u00a0de\u00a0inter\u00e9s sobre\u00a0 nuestros productos y servicios. Esta informaci\u00f3n se env\u00eda por v\u00eda postal y\/o electr\u00f3nica. Los usuarios que no desean recibir este tipo\u00a0de\u00a0informaci\u00f3n pueden comunicarlo a la direcci\u00f3n\u00a0de\u00a0correo electr\u00f3nico a info@wikiprint.cat<\/p>\n<div><\/div>\n<\/div>\n<\/div>\n<div>\n<div><img loading=\"lazy\" decoding=\"async\" src=\"http:\/\/avisolegalonline.es\/wp-content\/uploads\/2012\/02\/version2.png\" alt=\"Versi\u00f3n\" width=\"32\" height=\"32\" \/><strong>Versi\u00f3n<\/strong><\/div>\n<div>\n<p>Esta\u00a0pol\u00edtica\u00a0de\u00a0privacidad\u00a0es\u00a0de\u00a0fecha 03\/12\/2012 \u00a0y cualquier modificaci\u00f3n\u00a0de\u00a0sus t\u00e9rminos ser\u00e1 publicada en esta p\u00e1gina web.<\/p>\n<\/div>\n<\/div>\n","protected":false},"excerpt":{"rendered":"<p>Responsable del Fichero Grafik 170,\u00a0 en adelante WIKIPRINT.CAT, con domicilio\u00a0de\u00a0contacto sito en carrer Roguer de Flor 308 (Barcelona), tel\u00e9fono \u00a093 459 00 04\u00a0y direcci\u00f3n\u00a0de\u00a0email info@wikiprint.cat \u00a0es el responsable\u00a0\u00a0de\u00a0los ficheros en los que se incluir\u00e1n los datos personales recogidos y tratados desde esta p\u00e1gina web.\u00a0 Estos ficheros se encuentran debidamente inscritosLeer m&Atilde;&iexcl;s<\/p>\n","protected":false},"author":3,"featured_media":0,"parent":0,"menu_order":0,"comment_status":"closed","ping_status":"closed","template":"template-blog.php","meta":{"footnotes":""},"class_list":["post-504","page","type-page","status-publish","hentry"],"_links":{"self":[{"href":"https:\/\/wikiprint.cat\/web\/wp-json\/wp\/v2\/pages\/504","targetHints":{"allow":["GET"]}}],"collection":[{"href":"https:\/\/wikiprint.cat\/web\/wp-json\/wp\/v2\/pages"}],"about":[{"href":"https:\/\/wikiprint.cat\/web\/wp-json\/wp\/v2\/types\/page"}],"author":[{"embeddable":true,"href":"https:\/\/wikiprint.cat\/web\/wp-json\/wp\/v2\/users\/3"}],"replies":[{"embeddable":true,"href":"https:\/\/wikiprint.cat\/web\/wp-json\/wp\/v2\/comments?post=504"}],"version-history":[{"count":5,"href":"https:\/\/wikiprint.cat\/web\/wp-json\/wp\/v2\/pages\/504\/revisions"}],"predecessor-version":[{"id":888,"href":"https:\/\/wikiprint.cat\/web\/wp-json\/wp\/v2\/pages\/504\/revisions\/888"}],"wp:attachment":[{"href":"https:\/\/wikiprint.cat\/web\/wp-json\/wp\/v2\/media?parent=504"}],"curies":[{"name":"wp","href":"https:\/\/api.w.org\/{rel}","templated":true}]}}